{"id":23815,"date":"2016-05-05T14:57:43","date_gmt":"2016-05-05T14:57:43","guid":{"rendered":"http:\/\/www.fumuecuador.org\/?page_id=23815"},"modified":"2019-09-08T16:27:07","modified_gmt":"2019-09-08T16:27:07","slug":"uber-uns","status":"publish","type":"page","link":"https:\/\/www.fumuecuador.org\/?page_id=23815","title":{"rendered":"\u00dcber uns"},"content":{"rendered":"<section class=\"wpb-content-wrapper\"><p>[vc_row][vc_column width=\u00bb1\/2&#8243;]\r\n\t\t\t\t\t<!-- Image Slider -->\r\n\t\t\t\t\t<script type=\"text\/javascript\">\r\n\r\n\t\t\t\t\t\tjQuery(document).ready(function($) {\r\n\t\t\t\t\t\t\t\r\n\t\t\t\t\t\t\t\/\/ Load carousel after its images are loaded\r\n\t\t\t\t\t\t\tpreloadImages($(\"#img_slider_d51ace425e9416d49050284f67c46fca img\"), function () {\r\n\t\t\t\t\t\t\t\t\r\n\t\t\t\t\t\t\t\tvar carousel = $(\"#img_slider_d51ace425e9416d49050284f67c46fca\");\r\n\t\t\t\t\t\t\t\t\r\n\t\t\t\t\t\t\t\tvar args = {\r\n\t\t\t\t\t\t\t\t\titems: \t\t\t1,\r\n\t\t\t\t\t\t\t\t\tmouseDrag:\t\ttrue,\r\n\t\t\t\t\t\t\t\t\tautoplay:\t\ttrue,\r\n\t\t\t\t\t\t\t\t\tautoplayTimeout:4000,\r\n\t\t\t\t\t\t\t\t\tnav: \t\t\ttrue,\r\n\t\t\t\t\t\t\t\t\tdots: \t\t\tfalse,\r\n\t\t\t\t\t\t\t\t\tloop: \t\t\ttrue,\r\n\t\t\t\t\t\t\t\t\tautoHeight: \ttrue,\r\n\t\t\t\t\t\t\t\t\tsmartSpeed:\t\t250,\r\n\t\t\t\t\t\t\tnavText:\t\t\t[\"<span class='icon icon-arrow-left8'><\/span>\",\"<span class='icon icon-uniE708'><\/span>\"],\r\n\t\t\t\t\t\t\t\t\tslideBy: \t\t1,\r\n\t\t\t\t\t\t\t\t\tnavRewind: \t\tfalse,\r\n\t\t\t\t\t\t\t\t\trtl: \t\t\tfalse,\r\n\t\t\t\t\t\t\t\t\tonInitialized:  \tshowCarousel_d51ace425e9416d49050284f67c46fca,\r\n\t\t\t\t\t\t\t\t\t\r\n\t\t\t\t\t\t\t\t};\r\n\t\t\t\t\t\t\t\t\r\n\t\t\t\t\t\t\t\tcarousel.owlCarousel(args);\r\n\r\n\t\t\t\t\t\t\t\tvar initital_width = carousel.css(\"width\");\t\t\r\n\t\t\t\t\t\t\t\t\r\n\t\t\t\t\t\t\t\t\/* Refresh it for full width rows *\/\r\n\t\t\t\t\t\t\t\t$(window).load(function(){\r\n\t\t\t\t\t\t\t\t\tif(carousel.css(\"width\") != initital_width) {\r\n\t\t\t\t\t\t\t\t\t\tcarousel.trigger(\"destroy.owl.carousel\").removeClass(\"owl-carousel owl-loaded\");\r\n\t\t\t\t\t\t\t\t\t\tcarousel.find(\".owl-stage-outer\").children().unwrap();\r\n\t\t\t\t\t\t\t\t\t\tcarousel.owlCarousel(args);\r\n\t\t\t\t\t\t\t\t\t}\r\n\t\t\t\t\t\t\t\t});\r\n\t\t\t\t\t\t\t});\r\n\t\t\t\t\t\t\t\r\n\t\t\t\t\t\t\t\r\n\t\t\t\t\t\t\t\/* Show after initialized *\/\r\n\t\t\t\t\t\t\tfunction showCarousel_d51ace425e9416d49050284f67c46fca() {\r\n\t\t\t\t\t\t\t\t$(\"#img_slider_d51ace425e9416d49050284f67c46fca\").fadeTo(0,1);\r\n\t\t\t\t\t\t\t\t$(\"#img_slider_d51ace425e9416d49050284f67c46fca .owl-item .boc_owl_lazy\").css(\"opacity\",\"1\");\r\n\t\t\t\t\t\t\t}\t\t\t\t\t\t\t\r\n\t\t\t\t\t\t\t\r\n\t\t\t\t\t\t\t\r\n\t\t\t\t\t\t});\r\n\r\n\t\t\t\t\t<\/script>\r\n\t\t\t\t\t<!-- Image Slider :: END --><div class=\"img_slider mfp_gallery \" id=\"img_slider_d51ace425e9416d49050284f67c46fca\" style=\"opacity:0;\"><div class=\"img_slider_item boc_owl_lazy\"><img src=\"https:\/\/www.fumuecuador.org\/wp-content\/uploads\/2016\/05\/uber_uns1.jpg\" alt=\"\" title=\"\"\/><\/div><div class=\"img_slider_item boc_owl_lazy\"><img src=\"https:\/\/www.fumuecuador.org\/wp-content\/uploads\/2016\/05\/uber_uns2.jpg\" alt=\"\" title=\"\"\/><\/div><div class=\"img_slider_item boc_owl_lazy\"><img src=\"https:\/\/www.fumuecuador.org\/wp-content\/uploads\/2016\/05\/uber_uns3.jpg\" alt=\"\" title=\"\"\/><\/div><div class=\"img_slider_item boc_owl_lazy\"><img src=\"https:\/\/www.fumuecuador.org\/wp-content\/uploads\/2016\/05\/ub1.jpg\" alt=\"\" title=\"\"\/><\/div><\/div>[\/vc_column][vc_column width=\u00bb1\/2&#8243;][vc_column_text]<\/p>\n<p style=\"text-align: justify;\"><strong>Was machen die Kinder &#8211; Direkt &#8211; Hilfe Ecuador und die Fundaci\u00f3n Un Mundo Unido?<\/strong><\/p>\n<p style=\"text-align: justify;\">Im Sinne Adolf \u00a0Kolpings ist <strong>\u00bb Hilfe zur Selbsthilfe\u00bb<\/strong> nicht nur ein Thema, sondern wird t\u00e4glich praktiziert, um Kindern und deren Familien durch Projekte und Patenschaften eine Zukunftschance zu geben und ihre Lebenssituationen zu verbessern.<\/p>\n<p style=\"text-align: justify;\"><strong>Wo genau wird geholfen?<\/strong><\/p>\n<p style=\"text-align: justify;\">Die Hilfe kommt genau dort an, wo sie so dringend n\u00f6tig ist: n\u00e4mlich in der l\u00e4ndlichen Region der Kleinstadt <strong>\u00abSan Gabriel\u00bb<\/strong>, in der Provinz Carchi, welches die n\u00f6rdlichste des Andenstaates <strong>Ecuador <\/strong>ist.<\/p>\n<p>[\/vc_column_text][\/vc_column][\/vc_row][vc_row][vc_column]<div class=\"boc_spacing \" style=\"height: 45px\"><\/div>[\/vc_column][\/vc_row][vc_row][vc_column]\r\n\t\t<!--New Tabs-->\r\n\t\t<div class=\"newtabs clearfix horizontal \">\r\n\t\t\t<ul class=\"resp-tabs-list\">\r\n\t\t\t<\/ul>\r\n\t\t\t<div class=\"resp-tabs-container\">\r\n\t\t<div class=\"single_tab_div\" rel-title=\"Wer hilft?\" rel-icon=\"icon icon-news\">[vc_column_text]<\/p>\n<p class=\"Estilo3\" style=\"text-align: justify;\"><strong>Wer hilft?<\/strong><\/p>\n<p class=\"Estilo2 Estilo5\" style=\"text-align: justify;\" align=\"justify\">Im Jahr 1997 zog Isabella Abert jun. nach Ecuador und lebte die ersten f\u00fcnf Jahre auf einer Hacienda in der N\u00e4he von San Gabriel. Dabei lernte sie kennen, in welch bitterer Armut die Menschen hier im Hochland leben. Vor allem die Kinder waren als schw\u00e4chstes Glied der Familie die Notleidendsten. So kam sie zu der \u00dcberzeugung, ein Kinderhilfs-Projekt gr\u00fcnden zu wollen, f\u00fcr das sie den Namen <strong>Kinder-Direkt-Hilfe Ecuador (KDH) <\/strong>erfand.<\/p>\n<p class=\"Estilo2 Estilo5\" style=\"text-align: justify;\" align=\"justify\">Aus rechtlichen und steuerlichen Gr\u00fcnden in Ecuador wurde 2006 dort eine Stiftung gegr\u00fcndet. Die tr\u00e4gt den Namen <strong>Fundaci\u00f3n Un Mundo Unido FUMU<\/strong> (zu Deutsch: Stiftung eine vereinte Welt). Isabella Abert jun. ist zusammen mit zwei weiteren Deutschen und vier Ecuadorianern Gr\u00fcndungsmitglied und derzeit die Gesch\u00e4ftsf\u00fchrerin.<\/p>\n<p style=\"text-align: justify;\">In Deutschland war die Kolpingsfamilie Augsburg-G\u00f6ggingen von Beginn an bereit, f\u00fcr das Projekt <strong>KDH <\/strong>die Patenschaft zu \u00fcbernehmen und es nach Kr\u00e4ften bekannt zu machen.<br \/>\nIm Februar 2006 fand die Gr\u00fcndungsversammlung der \u201eFreunde der Kinder-Direkt-Hilfe\u201c statt, deren Aufgabe es ist, die Werbung f\u00fcr das Projekt voran zu treiben und bei finanziellen Entscheidungen mit Rat zur Seite zu stehen.<\/p>\n<p style=\"text-align: justify;\">Die gr\u00f6\u00dfte Unterst\u00fctzung f\u00fcr das Projekt kommt jedoch von Seiten der Mutter, Isabella Abert sen., und der Freundinnen Ursula Liebert-Crouch und Karolin Hodko, welche den \u00a0Gro\u00dfteil der Spender gewinnen konnten. Regelm\u00e4\u00dfige Information \u00fcber den Einsatz der Gelder ist uns allen sehr wichtig, um das Vertrauen in unser Projekt zu untermauern.<\/p>\n<p>[\/vc_column_text]<\/div><div class=\"single_tab_div\" rel-title=\" Wer verwaltet die Spenden?\" rel-icon=\"icon icon-settings\">[vc_column_text]<\/p>\n<p class=\"Estilo3\" style=\"text-align: justify;\"><strong>Wer verwaltet die Spenden, gibt es eine Spendequittung f\u00fcr meine Spende?<\/strong><\/p>\n<p class=\"Estilo2 Estilo5\" align=\"justify\">In Deutschland konnte die Kolpingstiftung-Rudolf-Geiselberger (DZI-Spendensiegel), vertreten durch deren Gesch\u00e4ftsf\u00fchrer Herrn Werner Moritz, daf\u00fcr gewonnen werden, die Annahme und Verwaltung der Spendengelder zu \u00fcbernehmen.<\/p>\n<p>Jede eingegangene \u00dcberweisung bzw. Einzahlung mit dem Vermerk \u201cEcuador\u201d wird unserem Projekt weitergeleitet. Spendenquittungen werden f\u00fcr Betr\u00e4ge ab 100,- Euro verschickt \u2013 daf\u00fcr bitte unbedingt Name und Adresse angeben. Ansonsten gilt zur Vorlage beim Finanzamt der Einzahlungsbeleg.[\/vc_column_text]<\/div><div class=\"single_tab_div\" rel-title=\"Vertrauensbeweis:\" rel-icon=\"icon icon-thumbs-up\">[vc_column_text]<\/p>\n<p style=\"text-align: justify;\">Im Jahr 2008 bot das <strong>Kindermissionswerk \u201eDie Sternsinger\u201c<\/strong> der KDH \/ FUMU eine begleitende Projektpartnerschaft an. Dies bedeutet eine Aufstockung der Spenden um 10 % und eine Beratung und Betreuung durch das Kindermissionswerk.<\/p>\n<p>[\/vc_column_text]<\/div><\/div>\r\n\t\t\t\t<\/div>[\/vc_column][\/vc_row]<\/p>\n<\/section>","protected":false},"excerpt":{"rendered":"<p>[vc_row][vc_column width=\u00bb1\/2&#8243;][\/vc_column][vc_column width=\u00bb1\/2&#8243;][vc_column_text] Was machen die Kinder &#8211; Direkt &#8211; Hilfe Ecuador und die Fundaci\u00f3n Un Mundo Unido? Im Sinne Adolf \u00a0Kolpings ist \u00bb Hilfe zur Selbsthilfe\u00bb nicht nur ein Thema, sondern wird t\u00e4glich praktiziert, um Kindern und deren Familien durch Projekte und Patenschaften eine Zukunftschance zu geben und ihre Lebenssituationen zu verbessern. Wo genau wird geholfen? Die Hilfe kommt<\/p>\n<div class=\"h10\"><\/div>\n<p><a class=\"more-link2 flat\" href=\"https:\/\/www.fumuecuador.org\/?page_id=23815\">Read more<\/a><\/p>\n","protected":false},"author":1,"featured_media":0,"parent":0,"menu_order":0,"comment_status":"closed","ping_status":"closed","template":"","meta":[],"_links":{"self":[{"href":"https:\/\/www.fumuecuador.org\/index.php?rest_route=\/wp\/v2\/pages\/23815"}],"collection":[{"href":"https:\/\/www.fumuecuador.org\/index.php?rest_route=\/wp\/v2\/pages"}],"about":[{"href":"https:\/\/www.fumuecuador.org\/index.php?rest_route=\/wp\/v2\/types\/page"}],"author":[{"embeddable":true,"href":"https:\/\/www.fumuecuador.org\/index.php?rest_route=\/wp\/v2\/users\/1"}],"replies":[{"embeddable":true,"href":"https:\/\/www.fumuecuador.org\/index.php?rest_route=%2Fwp%2Fv2%2Fcomments&post=23815"}],"version-history":[{"count":9,"href":"https:\/\/www.fumuecuador.org\/index.php?rest_route=\/wp\/v2\/pages\/23815\/revisions"}],"predecessor-version":[{"id":24570,"href":"https:\/\/www.fumuecuador.org\/index.php?rest_route=\/wp\/v2\/pages\/23815\/revisions\/24570"}],"wp:attachment":[{"href":"https:\/\/www.fumuecuador.org\/index.php?rest_route=%2Fwp%2Fv2%2Fmedia&parent=23815"}],"curies":[{"name":"wp","href":"https:\/\/api.w.org\/{rel}","templated":true}]}}