{"id":21936,"date":"2015-04-06T13:23:51","date_gmt":"2015-04-06T13:23:51","guid":{"rendered":"http:\/\/blueowlcreative.com\/wp\/fortuna_export\/?page_id=21936"},"modified":"2023-03-28T13:48:28","modified_gmt":"2023-03-28T13:48:28","slug":"home-full-slider-3","status":"publish","type":"page","link":"https:\/\/www.fumuecuador.org\/","title":{"rendered":"START"},"content":{"rendered":"<section class=\"wpb-content-wrapper\"><p>[vc_row css=\u00bb.vc_custom_1426945540063{margin-bottom: 0px !important;}\u00bb][vc_column][vc_column_text]\n\t\t<!-- MasterSlider -->\n\t\t<div id=\"P_MS69f1eecb274d4\" class=\"master-slider-parent msl ms-parent-id-2\" style=\"\">\n\n\t\t\t\n\t\t\t<!-- MasterSlider Main -->\n\t\t\t<div id=\"MS69f1eecb274d4\" class=\"master-slider ms-skin-default\" >\n\t\t\t\t \t\t\t\t \n\t\t\t\t<div  class=\"ms-slide\" data-delay=\"3\" data-fill-mode=\"fill\"  >\n\t\t\t\t\t<img src=\"https:\/\/www.fumuecuador.org\/wp-content\/plugins\/master-slider\/public\/assets\/css\/blank.gif\" alt=\"\" title=\"\" data-src=\"https:\/\/www.fumuecuador.org\/wp-content\/uploads\/2016\/05\/8.jpg\" \/>\n\n\n\t<div class=\"ms-thumb\" ><div class=\"ms-tab-context\"><div class=&quot;ms-tab-context&quot;><\/div><\/div>\n<\/div>\n\t\t\t\t<\/div>\n\t\t\t\t<div  class=\"ms-slide\" data-delay=\"3\" data-fill-mode=\"fill\"  >\n\t\t\t\t\t<img src=\"https:\/\/www.fumuecuador.org\/wp-content\/plugins\/master-slider\/public\/assets\/css\/blank.gif\" alt=\"\" title=\"\" data-src=\"https:\/\/www.fumuecuador.org\/wp-content\/uploads\/2016\/05\/5.jpg\" \/>\n\n\n\t<div class=\"ms-thumb\" ><div class=\"ms-tab-context\"><div class=&quot;ms-tab-context&quot;><\/div><\/div>\n<\/div>\n\t\t\t\t<\/div>\n\t\t\t\t<div  class=\"ms-slide\" data-delay=\"3\" data-fill-mode=\"fill\"  >\n\t\t\t\t\t<img src=\"https:\/\/www.fumuecuador.org\/wp-content\/plugins\/master-slider\/public\/assets\/css\/blank.gif\" alt=\"\" title=\"\" data-src=\"https:\/\/www.fumuecuador.org\/wp-content\/uploads\/2015\/04\/7.jpg\" \/>\n\n\n\t<div class=\"ms-thumb\" ><div class=\"ms-tab-context\"><div class=&quot;ms-tab-context&quot;><\/div><\/div>\n<\/div>\n\t\t\t\t<\/div>\n\n\t\t\t<\/div>\n\t\t\t<!-- END MasterSlider Main -->\n\n\t\t\t \n\t\t<\/div>\n\t\t<!-- END MasterSlider -->\n\n\t\t<script>\n\t\t(function ( $ ) {\n\t\t\t\"use strict\";\n\n\t\t\t$(function () {\n\t\t\t\tvar masterslider_74d4 = new MasterSlider();\n\n\t\t\t\t\/\/ slider controls\n\t\t\t\tmasterslider_74d4.control('arrows'     ,{ autohide:false, overVideo:true  });\n\t\t\t\tmasterslider_74d4.control('timebar'    ,{ autohide:false, overVideo:true, align:'bottom', color:'#ffea00'  , width:4 });\n\t\t\t\t\/\/ slider setup\n\t\t\t\tmasterslider_74d4.setup(\"MS69f1eecb274d4\", {\n\t\t\t\t\t\twidth           : 1000,\n\t\t\t\t\t\theight          : 470,\n\t\t\t\t\t\tminHeight       : 700,\n\t\t\t\t\t\tspace           : 0,\n\t\t\t\t\t\tstart           : 1,\n\t\t\t\t\t\tgrabCursor      : true,\n\t\t\t\t\t\tswipe           : true,\n\t\t\t\t\t\tmouse           : true,\n\t\t\t\t\t\tlayout          : \"fullwidth\",\n\t\t\t\t\t\twheel           : false,\n\t\t\t\t\t\tautoplay        : true,\n\t\t\t\t\t\tinstantStartLayers:false,\n\t\t\t\t\t\tloop            : true,\n\t\t\t\t\t\tshuffle         : false,\n\t\t\t\t\t\tpreload         : 0,\n\t\t\t\t\t\theightLimit     : true,\n\t\t\t\t\t\tautoHeight      : false,\n\t\t\t\t\t\tsmoothHeight    : true,\n\t\t\t\t\t\tendPause        : false,\n\t\t\t\t\t\toverPause       : true,\n\t\t\t\t\t\tfillMode        : \"fill\",\n\t\t\t\t\t\tcenterControls  : true,\n\t\t\t\t\t\tstartOnAppear   : false,\n\t\t\t\t\t\tlayersMode      : \"center\",\n\t\t\t\t\t\thideLayers      : false,\n\t\t\t\t\t\tfullscreenMargin: 0,\n\t\t\t\t\t\tspeed           : 20,\n\t\t\t\t\t\tdir             : \"h\",\n\t\t\t\t\t\tparallaxMode    : 'swipe',\n\t\t\t\t\t\tview            : \"basic\"\n\t\t\t\t});\n\n\t\t\t\t\n\t\t\t\twindow.masterslider_instances = window.masterslider_instances || [];\n\t\t\t\twindow.masterslider_instances.push( masterslider_74d4 );\n\t\t\t });\n\n\t\t})(jQuery);\n\t\t<\/script>\n\n[\/vc_column_text][\/vc_column][\/vc_row][vc_row full_width=\u00bbstretch_row\u00bb css=\u00bb.vc_custom_1437399071828{border-bottom-width: 1px !important;padding-top: 60px !important;padding-bottom: 20px !important;background-color: #f9f9f9 !important;border-bottom-color: #eeeeee !important;border-bottom-style: solid !important;}\u00bb][vc_column width=\u00bb1\/4&#8243; css=\u00bb.vc_custom_1466094916766{padding-right: 30px !important;padding-bottom: 20px !important;padding-left: 30px !important;}\u00bb]<div class=\"side_icon_box large  \"><span class=\"icon_feat \" style=\"\"><i class=\"icon icon-file-text\" style=\"\"><\/i><\/span><h3><a href=\"http:\/\/www.fumuecuador.org\/?page_id=23815\" target=\"_self\">\u00dcber uns<\/a><\/h3><div class=\"side_icon_box_content\">Hilfe zur Selbsthilfe<\/p>\n<p><a href=\"http:\/\/www.fumuecuador.org\/wp-content\/uploads\/2021\/04\/Jahresbericht-2020.pdf\" target=\"_blank\" rel=\"noopener\">Jahresbericht 2020 im PDF Format<\/a><\/div><\/div>[\/vc_column][vc_column width=\u00bb1\/4&#8243;]<div class=\"side_icon_box large  \"><span class=\"icon_feat \" style=\"\"><i class=\"icon icon-user-add\" style=\"\"><\/i><\/span><h3><a href=\"http:\/\/www.fumuecuador.org\/?page_id=23816\" target=\"_self\">Wie kann ich helfen?<\/a><\/h3><div class=\"side_icon_box_content\">Verbessern Sie die Lebensbedingungen<\/div><\/div>[\/vc_column][vc_column width=\u00bb1\/4&#8243;]<div class=\"side_icon_box large  \"><span class=\"icon_feat \" style=\"\"><i class=\"icon icon-newspaper-o\" style=\"\"><\/i><\/span><h3><a href=\"http:\/\/www.fumuecuador.org\/?page_id=23936\" target=\"_self\">Aktuelles<\/a><\/h3><div class=\"side_icon_box_content\">Unsere t\u00e4glichen Aktivit\u00e4ten<\/div><\/div>[\/vc_column][vc_column width=\u00bb1\/4&#8243;]<div class=\"side_icon_box large  \"><span class=\"icon_feat \" style=\"\"><i class=\"icon icon-paperplane\" style=\"\"><\/i><\/span><h3><a href=\"http:\/\/www.fumuecuador.org\/?page_id=23818\" target=\"_self\">Ecuadorreise<\/a><\/h3><div class=\"side_icon_box_content\">Werden Sie auf das Land Ecuador neugierig.<\/div><\/div>[\/vc_column][\/vc_row][vc_row full_width=\u00bbstretch_row_content_no_spaces\u00bb icon_type=\u00bbno_icon\u00bb icon_size=\u00bb32&#8243; icon_style=\u00bbnone\u00bb icon_color_border=\u00bb#333333&#8243; icon_border_size=\u00bb1&#8243; icon_border_radius=\u00bb500&#8243; icon_border_spacing=\u00bb50&#8243; img_width=\u00bb48&#8243; el_class=\u00bbno_text_transform\u00bb][vc_column width=\u00bb1\/2&#8243; css=\u00bb.vc_custom_1462808929025{padding-top: 70px !important;padding-right: 100px !important;padding-bottom: 70px !important;padding-left: 100px !important;background-image: url(http:\/\/www.fumuecuador.org\/wp-content\/uploads\/2015\/04\/4.jpg?id=24113) !important;background-position: center !important;background-repeat: no-repeat !important;background-size: cover !important;}\u00bb offset=\u00bbvc_hidden-md vc_hidden-sm vc_hidden-xs\u00bb el_class=\u00bbequal_height_column\u00bb][\/vc_column][vc_column css=\u00bb.vc_custom_1462808909448{padding-top: 100px !important;padding-right: 100px !important;padding-bottom: 100px !important;padding-left: 100px !important;background: #253030 url(http:\/\/www.fumuecuador.org\/wp-content\/uploads\/2015\/04\/1.jpg?id=24110) !important;}\u00bb el_class=\u00bbequal_height_column no_side_padding_in_responsive_column white_text center\u00bb offset=\u00bbvc_col-lg-6 vc_col-md-12 vc_col-xs-12&#8243;]<h2 class=\"boc_heading  center  \"  style=\"margin-bottom: 20px;margin-top: 0px;color: #ffffff;font-size: 32px;\"><span><strong> \u00dcber uns<\/strong><\/span><\/h2><div class=\"boc_divider_holder\"><div class=\"boc_divider  \"  style=\"margin-top: 20px;margin-bottom: 20px;width: 100px;margin-left: auto; margin-right: auto;height: 1px;background: rgba(255,255,255,0.17);\"><\/div><\/div>[vc_column_text]<\/p>\n<p style=\"text-align: justify;\">Die Hilfe kommt genau dort an, wo sie so dringend n\u00f6tig ist: n\u00e4mlich in der l\u00e4ndlichen Region der Kleinstadt <strong>\u00abSan Gabriel\u00bb<\/strong>, in der Provinz Carchi, welches die n\u00f6rdlichste des Andenstaates <strong>Ecuador <\/strong>ist.<\/p>\n<p>[\/vc_column_text]<div class=\"boc_spacing \" style=\"height: 20px\"><\/div><a\thref=\"http:\/\/www.fumuecuador.org\/?page_id=23815\" \n\t\t\t\tclass=\"button btn_medium btn_white btn_circled btn_outline icon_pos_after btn_icon_anim_out  \"  target='_self'><span> \u00dcber uns<\/span> <i class='icon icon-arrow-right6'><\/i> <\/a>[\/vc_column][\/vc_row]<\/p>\n<\/section>","protected":false},"excerpt":{"rendered":"<p>[vc_row css=\u00bb.vc_custom_1426945540063{margin-bottom: 0px !important;}\u00bb][vc_column][vc_column_text][\/vc_column_text][\/vc_column][\/vc_row][vc_row full_width=\u00bbstretch_row\u00bb css=\u00bb.vc_custom_1437399071828{border-bottom-width: 1px !important;padding-top: 60px !important;padding-bottom: 20px !important;background-color: #f9f9f9 !important;border-bottom-color: #eeeeee !important;border-bottom-style: solid !important;}\u00bb][vc_column width=\u00bb1\/4&#8243; css=\u00bb.vc_custom_1466094916766{padding-right: 30px !important;padding-bottom: 20px !important;padding-left: 30px !important;}\u00bb][\/vc_column][vc_column width=\u00bb1\/4&#8243;][\/vc_column][vc_column width=\u00bb1\/4&#8243;][\/vc_column][vc_column width=\u00bb1\/4&#8243;][\/vc_column][\/vc_row][vc_row full_width=\u00bbstretch_row_content_no_spaces\u00bb icon_type=\u00bbno_icon\u00bb icon_size=\u00bb32&#8243; icon_style=\u00bbnone\u00bb icon_color_border=\u00bb#333333&#8243; icon_border_size=\u00bb1&#8243; icon_border_radius=\u00bb500&#8243; icon_border_spacing=\u00bb50&#8243; img_width=\u00bb48&#8243; el_class=\u00bbno_text_transform\u00bb][vc_column width=\u00bb1\/2&#8243; css=\u00bb.vc_custom_1462808929025{padding-top: 70px !important;padding-right: 100px !important;padding-bottom: 70px !important;padding-left: 100px !important;background-image: url(http:\/\/www.fumuecuador.org\/wp-content\/uploads\/2015\/04\/4.jpg?id=24113) !important;background-position: center !important;background-repeat: no-repeat !important;background-size: cover !important;}\u00bb offset=\u00bbvc_hidden-md vc_hidden-sm vc_hidden-xs\u00bb<\/p>\n<div class=\"h10\"><\/div>\n<p><a class=\"more-link2 flat\" href=\"https:\/\/www.fumuecuador.org\/\">Read more<\/a><\/p>\n","protected":false},"author":1,"featured_media":0,"parent":0,"menu_order":0,"comment_status":"open","ping_status":"closed","template":"","meta":[],"_links":{"self":[{"href":"https:\/\/www.fumuecuador.org\/index.php?rest_route=\/wp\/v2\/pages\/21936"}],"collection":[{"href":"https:\/\/www.fumuecuador.org\/index.php?rest_route=\/wp\/v2\/pages"}],"about":[{"href":"https:\/\/www.fumuecuador.org\/index.php?rest_route=\/wp\/v2\/types\/page"}],"author":[{"embeddable":true,"href":"https:\/\/www.fumuecuador.org\/index.php?rest_route=\/wp\/v2\/users\/1"}],"replies":[{"embeddable":true,"href":"https:\/\/www.fumuecuador.org\/index.php?rest_route=%2Fwp%2Fv2%2Fcomments&post=21936"}],"version-history":[{"count":39,"href":"https:\/\/www.fumuecuador.org\/index.php?rest_route=\/wp\/v2\/pages\/21936\/revisions"}],"predecessor-version":[{"id":24644,"href":"https:\/\/www.fumuecuador.org\/index.php?rest_route=\/wp\/v2\/pages\/21936\/revisions\/24644"}],"wp:attachment":[{"href":"https:\/\/www.fumuecuador.org\/index.php?rest_route=%2Fwp%2Fv2%2Fmedia&parent=21936"}],"curies":[{"name":"wp","href":"https:\/\/api.w.org\/{rel}","templated":true}]}}